st the prime factors of k.
2, 3
Let d(s) = -5*s - 80. Let a be d(-16). Suppose a = -4*u - 4*v + 6*v + 666, u - 154 = 3*v. List the prime factors of u.
13
Suppose 3*x = 5*s + 50 + 13, 2*x = -3*s - 53. Let p = -9 - s. Let m = 18 + p. What are the prime factors of m?
2, 3
Suppose -5*i + 25 + 0 = 0. Suppose 0 = -5*o + 2*f + 1218 - 6, i*o = 3*f + 1208. What are the prime factors of o?
2, 61
Let b be 57/2*(-3 - 26/(-6)). List the prime factors of (b/6)/((-1)/(-21)).
7, 19
Suppose 5*j + 2*u + 2*u - 14 = 0, -3*j + 2*u + 4 = 0. Let o be (j/(-6))/((-3)/90). Suppose 3*w - 4*w = -o. What are the prime factors of w?
2, 5
Let h(i) = 3*i**2 - 14*i + 4. List the prime factors of h(18).
2, 181
Suppose -3*v + x + 124 = 0, -4*v + 3*x + 76 + 86 = 0. What are the prime factors of ((-9)/(-2))/(((-3)/v)/(-1))?
3, 7
Let j(g) = -3 + 5*g + 3 + 15*g + 6. List the prime factors of j(3).
2, 3, 11
Let z(o) = -42*o - 12. List the prime factors of z(-7).
2, 3, 47
What are the prime factors of ((-10744)/6)/(16/(-12))?
17, 79
Let f be (-8)/(-6) - 8/(-12). Suppose 0 = f*c - y - 27 - 5, 3*y = 5*c - 81. What are the prime factors of (-2)/(-5) - (-174)/c?
2, 3
Let q = -265 - -142. Let g = 31 - q. List the prime factors of g.
2, 7, 11
Let o be (-5)/2*64/(-10). Suppose 0 = -5*c + 4*a - o, -3*c - 6*a + 2*a = -16. Suppose -3*v - 5*u + 31 = c, -u - u + 10 = 0. What are the prime factors of v?
2
Let b = 7799 - 3203. What are the prime factors of b?
2, 3, 383
Let w be ((-3484)/2)/(-2) - (32 - 36). Suppose -t - w = -6*t. What are the prime factors of t?
5, 7
Let q(r) = -r**2 - 18*r - 14. Let b be 2*(-6)/((-36)/(-21)). List the prime factors of q(b).
3, 7
Let q be (9/6 + 0)*2. Let p(x) = -7*x - 6. Let n(b) = 91*b + 77. Let u(o) = 6*n(o) + 77*p(o). List the prime factors of u(q).
3, 7
Let p = 10 - -71. Let x = 3 - -36. Suppose -2*d + x = -p. What are the prime factors of d?
2, 3, 5
Suppose -4*j = -2*z + 26, 5*j = -1 - 19. Suppose 9*f - 6*f + 2*r = -8, -3*f + 20 = -5*r. List the prime factors of 12/z*(f - -5).
2, 3
Let v be 698/4 - (-5)/(-10). Suppose -94 = -4*p + v. What are the prime factors of p?
67
What are the prime factors of (38 - -291)/(-2*1/(-6))?
3, 7, 47
Let v(p) = p**3 + 12*p**2 + 5*p. Let r(a) = 2*a**3 + 2*a**2 + a - 1. Let m be r(-2). Let s be v(m). Let x = s - 37. What are the prime factors of x?
29
Let w = -56 + 44. Let n be (9/18)/(2/(-60)). Let q = w - n. List the prime factors of q.
3
Let l = -56 - -13. Let n = l - -175. Let u = -74 + n. List the prime factors of u.
2, 29
Suppose -3 = 5*y - 6*y + h, 2*y + 5*h = 13. Suppose y*w + 1 = f - 0*f, f - 10 = -5*w. Suppose -4 = -f*x + 16. List the prime factors of x.
2
Let t(w) = -30*w + 1. Suppose -16 = 7*r + 5. What are the prime factors of t(r)?
7, 13
Let g(z) = z**2 - z - 9. Let r be g(0). Let m = 24 + r. Suppose 11 + m = 2*q. List the prime factors of q.
13
Suppose -2*w = 4*w - 2070. What are the prime factors of w?
3, 5, 23
Let x = -80 + -285. Let y = x + 539. List the prime factors of y.
2, 3, 29
Let k = 136 + -136. Let v(p) = p**3 - p**2 - p + 145. What are the prime factors of v(k)?
5, 29
List the prime factors of 49504/128 + 6/(-8).
2, 193
Let u = -104 + 154. What are the prime factors of u?
2, 5
Let f be (9/(-6))/((-21)/(-1036)). Let o = f + 111. List the prime factors of o.
37
Suppose -6*g - 2*b + 26 = -2*g, g = -2*b - 1. List the prime factors of -2*g*(-14)/42.
2, 3
Let v = 14 - -175. Suppose -v = 6*n - 1137. List the prime factors of n.
2, 79
Let z(c) be the second derivative of -13*c**3/3 + c**2/2 + 3*c. What are the prime factors of z(-1)?
3
Suppose 4*i - a - 27 = -i, 2*i - 2*a = 6. Let w be (-9)/6*(4 - i). List the prime factors of 3 - (-16 - w) - 3.
19
Let l(k) = -29*k**2 - k + 2. Suppose 9*h - 4*h = -10. Let n be l(h). Let x = -51 - n. List the prime factors of x.
61
List the prime factors of (221/34)/(1/102).
3, 13, 17
List the prime factors of (-420)/(-2 + 6 + -5).
2, 3, 5, 7
Let r be (-522)/4*22/(-33). Let k = r + -9. List the prime factors of k.
2, 3, 13
Suppose -12 = 2*y + 52. Let z = y - -95. List the prime factors of z.
3, 7
Suppose 0 = -5*d + 3*d. Suppose -3*a + 0*x = -2*x - 281, -a - 4*x + 89 = d. Suppose -5*o + 47 = -a. List the prime factors of o.
2, 7
Let g = 61 + -114. Let r = g - -91. What are the prime factors of r?
2, 19
Let l(v) = -8 + 21 - v**2 + 11*v**3 - 4*v**3 - 14*v - 6*v**3. What are the prime factors of l(5)?
43
Suppose -5*b - 4*q - 1 = 0, -4*q - 8 = -4*b - 5*q. Suppose 6*g - b*g = 5*d + 152, 20 = -5*d. List the prime factors of g.
2, 11
Let t(u) = -8*u**3 + 2*u**2 - 1. Let l be t(-1). Suppose -3*j + 4*j - l = 0. Suppose -4*f = -j*f + 165. List the prime factors of f.
3, 11
Let f be (-14)/(-2)*24/(-7). Let t = -26 - f. What are the prime factors of 5 + t + 2 + -3?
2
Suppose s - 9 = j + 1, -4*j = 2*s - 20. Let d = -246 - -246. Suppose d = -4*g - 4 - 4, 0 = -c - g + s. What are the prime factors of c?
2, 3
Let w = 73 + -53. What are the prime factors of w?
2, 5
List the prime factors of ((-3)/1)/((-2624)/238 - -11).
7, 17
Let f(v) = 9*v - 16. Let b(n) = 17*n - 31. Let t(h) = 6*b(h) - 11*f(h). List the prime factors of t(15).
5, 7
Let z = 3968 + -1816. List the prime factors of z.
2, 269
Suppose -n = 4*n - 15. Suppose 4*t + 18 = -n*u + 164, -5*t + 181 = 3*u. What are the prime factors of t?
5, 7
Let p(t) = 3*t**3 - 2*t**2 - 4*t - 2. Let w be p(5). Let z = w + -153. What are the prime factors of z?
2, 3, 5
Let u(k) = -k**2 - 5*k + 3. Let t be u(-5). Suppose -t*a = -494 + 167. What are the prime factors of a?
109
Let v be 2/(-3) + (-58)/(-6). Let g(d) = -d + 3. Let l be g(-5). Suppose -v = -s + l. What are the prime factors of s?
17
Let b(d) = d**2 + 5*d - 7. Let f = -31 - -7. Let s = f + 17. What are the prime factors of b(s)?
7
Let g(s) = -18*s**2 + 2. Let n be g(3). List the prime factors of ((-20)/(-16))/((-4)/n).
2, 5
Let u = -1043 + 1718. List the prime factors of u.
3, 5
Suppose 2*y + 2990 = 2*v - 1050, -4*y + 2005 = v. List the prime factors of v.
2017
Let r(q) = -q**2 - 10*q - 8. Let z(f) = 11*f + 9. Let v(p) = -3*r(p) - 2*z(p). Let t be v(-5). What are the prime factors of (-4)/(1 - 2) + t?
3, 5
Let x = 93 - -86. List the prime factors of x.
179
Let a(p) = -5*p**2 - 37*p + 41. Let h(g) = g**2 + 9*g - 10. Let c(k) = 2*a(k) + 9*h(k). Let m be c(8). What are the prime factors of (-42)/(76/m - -4)?
2, 7
Let x(z) = 5*z**2 + 35*z - 3. What are the prime factors of x(-18)?
3, 7, 47
Let r(x) = -6*x**3 - 44*x**2 - 7*x - 45. List the prime factors of r(-11).
2, 3, 449
Let r(l) = l**2 - 12*l - 3. Let f be r(13). Suppose -f*s = -12*s + 4. List the prime factors of s.
2
Let c be 3/((-9)/(-6)) + 1. Suppose 0 = 2*h - 5*t - 103, 49 = -2*h + c*h - 3*t. What are the prime factors of h?
2
Suppose -4*p + 3*p - 1 = q, -3*p - 2*q = 0. List the prime factors of ((-408)/(-10))/p - 32/80.
2, 5
Suppose 16*f - 150 = 21*f. Let c = f - -94. What are the prime factors of c?
2
Let o = 37 + -17. Suppose -3*x = -65 + o. List the prime factors of x.
3, 5
Let c = 288 + -149. What are the prime factors of c?
139
Let i(c) = -2*c. Let s be i(1). Let d(j) = -205*j - 2. Let n be d(s). Suppose 9*y - n = y. What are the prime factors of y?
3, 17
Let d(h) = 11*h**2 + 4*h + 2. Suppose -c + 14 = c. Suppose -1 = -3*g - c. List the prime factors of d(g).
2, 19
Let j(z) = -3*z + 7*z - z**3 + 1 - 2*z + z**2 + z**2. Let l be j(-1). Suppose -109 = -3*r - l*g, -g = 2*r + 3*g - 70. What are the prime factors of r?
37
Let v be 8 - -2 - (0 + 0). Let s be 132/55 + (-4)/v. Suppose s*l = -29 + 107. What are the prime factors of l?
3, 13
Suppose -5*n = -h - 4*h - 5, -5*h + 5 = -3*n. Let a = 15 - n. Suppose 2*i + a = 52. What are the prime factors of i?
3, 7
Suppose 39798 = 28*r + 3986. List the prime factors of r.
1279
Let c(b) = b**3 + 4*b**2 + 4*b - 2. Let r be c(-4). What are the prime factors of (-9)/(r/32) + -1?
3, 5
Suppose -3*z + 6 = -o, 4*z = o - 0*z + 9. Let y(i) = -4 - o + i + 2*i. List the prime factors of y(5).
2
Let s(p) be the first derivative of -p**4/2 - 4*p**3/3 - 2*p**2 - 2*p + 17. What are the prime factors of s(-3)?
2, 7
Let l(u) = u**2 - 9*u + 608. List the prime factors of l(0).
2, 19
Let y be ((-8)/(-3) - 2)/((-3)/(-72)). Suppose -4*i + 5*v - 1 = -19, 1 = i - 3*v. What are the prime factors of 276/i - y/(-28)?
2, 5